= 13*p - 8*p - 17. Suppose -4*v = 4*a - 360, 2*v - 180 = a + q*a. What is the highest common factor of 10 and v?
10
Suppose -5*h = -4*c + 1780, -3*h = 2*c - 4*h - 896. What is the highest common divisor of 135 and c?
45
Let s(w) = -10*w. Let m be s(-6). Let k(j) = 16*j - 412. Suppose -95 - 256 = -13*l. Let p be k(l). What is the highest common divisor of m and p?
20
Suppose 0 = -13*o + 16*o - 6. Suppose -5*u + 153 + 21 = 3*a, 68 = 2*u + o*a. Calculate the greatest common factor of u and 4.
4
Let a be (-363288)/(-108) - 9 - (21/27 - 1). Calculate the highest common divisor of a and 110.
55
Suppose -q = 4*k - 10732, 2*q = 36*k - 34*k - 5376. What is the highest common divisor of 11 and k?
11
Suppose 0 = 9*a + 3 + 6. Let j be (1 - -126) + a + -2. What is the greatest common factor of j and 31?
31
Let m(z) = z**2 + 20*z - 64. Let v be m(3). What is the greatest common factor of v and 450?
5
Let c be (-2325)/(-10) - ((-21)/(-6) - 3). Suppose -19*g = -205 - c. Suppose 0 = 5*q - 4*q - 23. What is the highest common divisor of q and g?
23
Let l(c) = 272*c + 1570. Let x(t) = 109*t + 627. Let f(a) = 5*l(a) - 12*x(a). Let s be f(-6). Calculate the greatest common factor of s and 1358.
14
Let l(x) = x**2 + x + 1. Let d(n) = 7*n**2 + 3*n + 91. Let a(w) = d(w) - 3*l(w). Let t be a(0). Calculate the greatest common divisor of 220 and t.
44
Let n = 391 + -388. Suppose -5*q - s + 113 = -3*q, -5*s = n*q - 187. Calculate the greatest common factor of q and 297.
27
Let s(u) = 39*u + 412. Let j be s(-9). What is the greatest common divisor of 793 and j?
61
Let v(d) = d**3 - 8*d**2 - 20*d + 163. Let c be v(8). What is the highest common divisor of 2073 and c?
3
Suppose -36 = -5*d - 4*d. Let j be (4/10)/((d/(-4))/(-5)). Suppose 22 = j*u - 2*l, -4*u - l = -6*l - 40. What is the highest common factor of u and 105?
15
Suppose 265*n = 268*n - 225. Let z = n + -13. Calculate the highest common divisor of z and 155.
31
Let o(t) = 97*t - 34. Let v be o(2). What is the highest common divisor of 440 and v?
40
Suppose c = 0, -3*c - c = k - 143. Let o = 161 - k. What is the highest common divisor of o and 117?
9
Suppose 60*b = 55*b + 260. Suppose -2*p - 2*m + b = 22, 0 = m - 3. What is the greatest common divisor of 4 and p?
4
Let b be 14/4*(6 + -2). Suppose -5*s + 54 = 2*j, j + 51 = 3*s + s. Let f be (s/(-18) - 0)/((-1)/21). Calculate the greatest common factor of b and f.
14
Let g be (54/12 + -5)/(1/(-24)). Let p(u) = -1 + g*u**3 + 0*u + 3*u + 5*u**3 - u - u**2. Let y be p(1). Calculate the greatest common factor of y and 17.
17
Let v be 4628/39*2/4*-9. Let c = -193 - v. Calculate the highest common factor of 31 and c.
31
Let k(v) = v**3 - 16*v**2 + 18*v + 3. Let s be k(15). Let x be ((-396)/s - -9)/(1/168). Calculate the highest common divisor of 18 and x.
18
Let s = -6309 - -7885. Calculate the greatest common divisor of 6 and s.
2
Suppose 0 = -3*l + 4*g + 153, -55 = -2*l - 2*g + 33. Let b(f) = 439*f - 20931. Let j be b(48). Calculate the highest common divisor of j and l.
47
Let u(h) = -181*h + 350. Let s be u(6). Let l = s + 834. Let y be (-28)/(-6)*3/1. What is the greatest common divisor of y and l?
14
Let v be (-1 - (-10)/(-4))/(7722/352 - 22). What is the greatest common divisor of v and 259?
7
Let t(x) = -139*x - 7117. Let l be t(-52). Calculate the highest common divisor of 201 and l.
3
Let s(o) = 263*o - 81 + 9 - 269*o. Let t be s(-17). Calculate the highest common divisor of 18 and t.
6
Let a be ((-480)/84)/(2/(-1078)). Calculate the highest common divisor of 28 and a.
28
Suppose 2*k = 2*o + 28, o = 4*k - o - 56. Suppose 2*t - 155 = p, -145 = -k*t + 12*t + 3*p. What is the greatest common factor of 16 and t?
16
Let f = 58 - 53. Suppose -f*i + 13 = a, -4 = a + 4*i - 15. Suppose -6*c + 297 = a*c. What is the highest common factor of c and 3?
3
Let b be 0/(1 - (3 + -4)). Let j be (-5)/10 + b - (-3)/2. Let u be (-13)/(-1*j) + 0 + -1. Calculate the highest common divisor of 6 and u.
6
Let l = 49 - 54. Let t be 4/22 + (-2 - 175/55). Let c be (-1)/t + (-64)/l. What is the greatest common divisor of 65 and c?
13
Suppose 0 = 3*d - 5*b - 766, -90*b - 504 = -2*d - 88*b. Suppose 39 = 2*j + 1. Calculate the greatest common divisor of j and d.
19
Suppose -16*s + 8*s = 36*s - 1980. Calculate the greatest common factor of 4635 and s.
45
Let w = 6194 + 6711. Calculate the greatest common factor of w and 290.
145
Suppose 0 = -2*k + x + 924, 0 = -5*k - 9*x + 8*x + 2296. Calculate the greatest common factor of 736 and k.
92
Let k(b) = -9*b - 14*b**2 + b**3 - 180 - 175 + 337. Let u be k(18). What is the greatest common factor of u and 36?
36
Let j = -4209 - -4222. What is the highest common factor of 1378 and j?
13
Let w = 9927 - 7225. Calculate the greatest common divisor of 140 and w.
14
Let c(p) = -1257*p - 6280. Let i be c(-5). Calculate the highest common divisor of i and 40.
5
Suppose 2*w + 425 - 499 = 0. Suppose 0 = 24*s - 251 - w. Calculate the greatest common divisor of s and 84.
12
Let z(g) = -3*g - 29. Let p = -355 - -345. Let v be z(p). Calculate the highest common divisor of 27 and v.
1
Let c(v) = v**3 + 18*v**2 + v - 15. Let t be c(-9). What is the greatest common factor of t and 15?
15
Let q = 2 + -2. Suppose q = -420*v + 421*v - 50. Calculate the greatest common factor of 75 and v.
25
Let d(a) be the third derivative of -a**6/120 + 7*a**5/60 + 7*a**4/12 + 25*a**3/3 - 2*a**2 + 3*a. Let v be d(8). What is the greatest common factor of 14 and v?
14
Suppose 0 = 5646*j - 5987*j + 6820. Let v be (-41 - (-2 - -1))*-6. Let x be (v/28)/(2/42). Calculate the greatest common factor of x and j.
20
Let f = -2413 - -2477. Calculate the greatest common divisor of 240 and f.
16
Suppose -2*t + u = -75, -4*t - 2*u = -66 - 64. Let l be (-1*7)/(-1 - (-2 - -2)). Let b be (-2 + l/3)*15. Calculate the greatest common divisor of b and t.
5
Suppose 5*h - 137 = -3*d, 4*h - 2*d - 86 = h. Let a(u) = 4*u**2 + 6*u. Let t = -327 + 325. Let c be a(t). What is the greatest common factor of h and c?
4
Suppose 0 = -6*v + 11*v - 10. Suppose 2*c = 2*o - 48, 0 = -c - 4 + v. Let n(q) = -3*q - 1. Let m be n(-1). What is the highest common factor of o and m?
2
Let h = -341 - -602. Let o = h - -43. Let p be (-2)/(-9) - 2380/(-63). Calculate the greatest common factor of p and o.
38
Suppose 0 = n + 3*v - 35, -2*n = -n - 4*v. Let w be (-26 - -24)*2/4. Let a be ((-20)/(-12) - (4 + w))*-60. Calculate the highest common factor of a and n.
20
Suppose 0*t + 25 = -3*t + 2*y, -5*y = 2*t + 23. Let f = t + 18. Let q be (1 - -5)*f*(-2)/(-6). What is the highest common factor of q and 2?
2
Suppose -24*t - 29*t + 918 = -2*t. Calculate the greatest common divisor of t and 4095.
9
Suppose 3*s - 272 = -3*u + 7*s, 94 = u - 2*s. Let g be (u/9)/((-2)/(-27)). What is the greatest common divisor of 56 and g?
14
Let w be 3/2 + (-1)/(-2). Suppose -p - 4*m + 9 = 56, -w*p - 5*m - 97 = 0. Let o = 59 + p. What is the greatest common factor of o and 40?
8
Let w = 118 - 129. Let y(l) = 2*l + 31. Let d be y(w). Let n(f) = f**2 + 2*f - 6. Let c be n(-5). What is the highest common factor of d and c?
9
Let y be 73 + (-7)/(21/(-15)). Let q = 79 - y. Let g be 161 + (3 - (q - 2)). What is the highest common divisor of 15 and g?
15
Let u = 527 - 335. Suppose -2*f + u = -f. Let x = 83 - 59. What is the highest common divisor of x and f?
24
Let c = 580 - -168. Calculate the highest common factor of c and 572.
44
Suppose 6 + 2 = -3*l + 4*w, -36 = 4*l + w. Let i be (-36)/(45/(-100) - 2/l). Calculate the greatest common divisor of 20 and i.
20
Let w = 44 - 67. Let n = w + 28. Let r = 105 - 55. What is the highest common divisor of r and n?
5
Suppose -5*y - 8*y + 26 = 0. Let c = 18 + y. Let u = c - 5. What is the highest common factor of u and 10?
5
Let z = 322 - 171. Let g = z + -140. Suppose 0 = 2*n - 5*p - 29, 3 = -4*n - 3*p - 4. What is the highest common factor of g and n?
1
Let p be (143/55 - (-6)/(-10))*5. Suppose -5*f - 25 - 220 = 0. Let o be f/(6/p + 99/(-90)). What is the highest common divisor of o and 14?
14
Let c(n) = 7*n - 138. Let l be c(27). Let x be 26*(85/l - 1/(-3)). Calculate the greatest common factor of x and 338.
26
Let g be (3 - 33/9)*-6. Suppose -4 = -o, -j - 4*j = g*o - 216. Let b be (-12)/(-54) - (-44)/(-18)*-4. Calcula